f. Is g composite?
True
Let h = -44 + 47. Suppose 16 - 13 = -h*y. Is ((-4)/16)/(y/8084) a composite number?
True
Let a(i) = -5*i**3 - 3*i**2 - 8*i - 5. Is a(-29) composite?
True
Let p = 102 + -126. Is ((-2)/(-3))/(p/(-4572)) a composite number?
False
Let h(q) = 5*q - 7. Let b be h(3). Let n(w) = -10*w**2 + 5*w - 14. Let c be n(b). Let z = 951 + c. Is z a composite number?
False
Is (126/30 + (-6 - -2))*460865 prime?
True
Let k(t) = 999*t**2 + 87*t - 43. Is k(-7) a prime number?
True
Let l(h) be the first derivative of 7*h**4/4 - 9*h**3 + 7*h**2/2 - 24*h + 249. Is l(11) prime?
False
Let j(y) = y**3 + 16*y**2 - 6*y + 15. Let b(z) = -2*z**3 - 31*z**2 + 11*z - 31. Let v(c) = 3*b(c) + 5*j(c). Let p be v(-10). Let t = 494 + p. Is t composite?
True
Let q(v) = -2363*v - 32. Let l(r) = -11815*r - 157. Let h(x) = -2*l(x) + 11*q(x). Is h(-3) composite?
True
Is -29229*((-182)/12 + (-10)/(240/(-36))) a composite number?
True
Let n = -41 - -433. Let t be (0 - (0 - 0))/1. Suppose t = -v + 3*i + n, i - 1534 = -4*v - 5. Is v prime?
True
Let j = 2827 - 19076. Let g = 24242 + j. Is g a composite number?
False
Suppose 0 = 4*t + 4*c - 12, -3*c + 7 = t - 2. Suppose t = -g, 2*b = -b - g + 7113. Is b a composite number?
False
Let f = -52 - -59. Suppose -f*h - h = -32. Is 2/(-6)*(-1)/(h/7692) a prime number?
True
Suppose 5*v = -4*m + 9 + 125, -3*v + 3*m = -75. Suppose 90188 = v*b - 67554. Is b prime?
True
Is -3 + (-9119)/(-22)*2136/(1 - -2) prime?
False
Suppose j + 21 - 68 = 0. Suppose -34*r - 25402 = -j*r. Is r composite?
True
Let n(a) = 8*a**3 + a**2 - 2. Let u be n(-1). Let t be (-4)/(-6) + 1/(u/(-12)). Suppose -t*m + 120 = 2*c, -4*c + 200 = -5*m + 5. Is c a composite number?
True
Is (1420909/4)/(1463/836) a prime number?
True
Let k = 5 - -3. Suppose 0*u = 2*u + 3*z - k, 2*u + 4*z - 8 = 0. Suppose -u*p + 11*p = 357. Is p composite?
True
Suppose -2*s + 134 = -200. Suppose b - s = 42. Suppose q = -2*w + b + 64, -3*w = -5*q - 442. Is w composite?
False
Suppose p + 3*p = -2*y, 5*p = -5*y. Suppose 4*m + p*m + 17 = q, -2*q - 5*m = 18. Is q/(8/20)*838 composite?
True
Suppose 8 = -d + 12. Suppose 0 = 4*o + 3*w - 25205, d*w + 0*w = -o + 6311. Is o a prime number?
True
Let i(j) = -90*j - 10*j + 33 - 33*j - 18*j. Is i(-10) a prime number?
True
Let n be (-11)/(528/(-18)) - (-202)/16. Is 5*989 + n + -21 prime?
True
Let v(d) = -368*d**3 - d**2 + 3*d + 43. Is v(-7) composite?
True
Suppose 7*k - 5*k = -5*j - 7537, -12 = -3*k. Let a = -832 - j. Is a a prime number?
True
Suppose 1602051 = -33*t + 15682128. Is t prime?
False
Let a(b) = b**3 - 16*b**2 + 15*b + 5. Let g(c) = -c**2 - 11*c - 13. Let s be g(-7). Let n be a(s). Is 5/(-1) + n + (-787)/(-1) prime?
True
Let l = 75 + -72. Suppose 0 = 3*z - 4*o - 5, 8*z - 12 = l*z + 3*o. Suppose -4*t - 4*h + 789 = h, 4*t - 779 = -z*h. Is t prime?
True
Let a be (37165/4)/(8 - (-155)/(-20)). Suppose -5*g = -g - 8, -3*s + 4*g = -a. Is s prime?
True
Suppose 3270*k = 3278*k - 37880. Is k composite?
True
Let d(r) = -r**2 + 12*r - 10. Let l be d(10). Is 3 + (-28)/l + 64070/25 a prime number?
False
Let a(j) = -3*j**2 - 11*j + 10. Let r be a(-6). Let n = 75 + r. Is n a prime number?
True
Let w(v) = 9501*v**2 + 456*v - 2306. Is w(5) a prime number?
False
Let r(n) = -n + 41. Let i be r(15). Let p be (1 + -5)*i/(-2). Suppose 3*j - 7*j + p = 0. Is j a prime number?
True
Suppose 2*z - 49 = 3*h, 3*z - 15 = 4*h + 51. Is (h/5 + -2324 - -1)/(-2) a composite number?
False
Let h = -130834 - -246663. Is h a composite number?
True
Let k(s) be the first derivative of 207*s**2 - 13*s + 54. Is k(2) a prime number?
False
Let d = -56 - -58. Let v(u) = 203*u**2 + u - 5. Is v(d) prime?
True
Suppose -k = 24*i - 25*i + 638533, 4*i - k - 2554114 = 0. Is i composite?
False
Let i(d) = -5*d + 169*d**2 - 8 + 2*d + 4*d - 14 + 5*d. Is i(7) prime?
False
Suppose -g - 2*u = -5*u + 11, 0 = 4*g - 4*u + 4. Let t be 76/8 + (-2)/g*3. Is (-1594*4/t)/(-1) composite?
False
Suppose 0 - 2 = -2*n. Let c(p) = -3 + 794*p + n + 319*p. Is c(1) a composite number?
True
Let q(w) = 1037*w**2 - 129*w + 761. Is q(7) composite?
False
Suppose -17*g = -15*g - 2*k - 10, -2*g + 5 = -3*k. Suppose -b - 1520 = -p, 5*p + g*b = 6*b + 7627. Is p a prime number?
True
Suppose -111185771 = -241*b + 80452127. Is b composite?
True
Let c be -3*-2*4/(-8) - 1614. Let z = 11072 - c. Is z prime?
True
Let c(r) = -r**3 - 4*r**2 - 18*r + 11. Let x = -3 + 7. Let f be ((-2)/x)/(4/48). Is c(f) a prime number?
True
Let q(f) = f**2 + f. Let g be q(0). Let n(o) = -1 + g*o - 121*o**2 + 0*o + 856*o**2. Is n(-2) a composite number?
False
Let o(u) = -10*u - 106. Let p(b) = -2*b + 1. Let a(z) = -o(z) + p(z). Is a(25) prime?
True
Suppose 0 = q - 3*g - 136991, 20 - 24 = 2*g. Is q composite?
True
Suppose -91*w + 1043417 = 132*w. Is w a composite number?
False
Let h be 7740/(-155) - 30/465. Is ((-3138)/(-15))/((-20)/h) a composite number?
False
Let l = -703433 - -1295950. Is l a composite number?
False
Let f be -7*(-12)/(-9)*90/28. Is (-4)/f - -3039*(-22)/(-90) prime?
True
Suppose 390*q - 3973466 = 87*q + 1229953. Is q prime?
False
Let l(a) = 603*a**3 - 5*a**2 + 39*a + 35. Is l(6) prime?
True
Let d be (-7)/(3 - 3580/1192). Let m = d + -1367. Suppose -t = -m + 162. Is t prime?
True
Let f(m) = 93*m**2 + 130*m - 2007. Is f(14) prime?
True
Let r(j) = -2*j**2 - 4*j - 24. Let g be r(-4). Is (-2)/4 - 873580/g a composite number?
False
Let s(d) = 2*d - 24. Let g be s(-7). Let i be g/(-4) + 3/(-6). Is ((-14)/3)/(-7) - (-4512)/i prime?
False
Let q = 3147 + 2240. Is q prime?
True
Suppose 0 = 7*o - 0*o - 14. Suppose -2*k - 3*k = 5. Is (0 + o + k)/((-1)/(-1249)) a prime number?
True
Let m(j) = 3*j**3 + 27*j**2 - 18*j + 26. Let t be m(14). Let z = -6177 + t. Is z prime?
True
Let f(v) = -976*v + 2. Let j be f(5). Let p be 2/(-6)*(j - -9). Suppose 3*g = -0*g + p. Is g prime?
True
Is (5 - 2) + (35*18518)/7 composite?
False
Let t = 124 - 119. Suppose -8 = -t*d + d, 0 = l + d - 301. Is l a prime number?
False
Suppose 40*c + 7130148 + 2944647 = 125*c. Is c a composite number?
True
Is 2/12 + 20/24*125012/20 a prime number?
True
Suppose 4*r = -3*c - 70, -28 - 37 = 2*c - r. Is (11014*1/5)/((-12)/c) a prime number?
True
Let g(j) = 28021*j + 2347. Is g(6) a prime number?
True
Let g(v) = 2843*v - 1355. Is g(54) a composite number?
True
Suppose -3*x + 102 = 5*q, -2*q + 50 = 2*x + 10. Suppose -2*z = -2, -4*o + 764 = -5*z + q. Is o a prime number?
False
Let u(w) = 47*w**3 + 5*w**2 - 7*w. Let q(o) = 47*o**3 + 4*o**2 - 6*o. Suppose 36 = -6*b - 0*b. Let c(k) = b*q(k) + 5*u(k). Is c(-1) a composite number?
False
Let h = -67 + 76. Suppose 17*a - h*a - 16 = 0. Suppose -15*x + 8177 = -a*x. Is x a composite number?
True
Let b(p) = p**2 - 4*p + 6. Let r be b(7). Suppose 31*n - r*n - 6556 = 0. Is n composite?
True
Suppose 3*w - 118571 = -2*g, 11*w - g = 8*w + 118559. Is w a composite number?
False
Let w(q) = -q**3 - 13*q**2 + 16*q + 33. Let v be w(-14). Suppose v*u - 4*p + 0*p = 82477, 4*p = 4*u - 65984. Is u a prime number?
True
Suppose 5*h - 2*h - 12 = 2*r, 3*h - 12 = 4*r. Suppose 16026 = 5*o + 3*d, o + h*o - 16050 = 5*d. Suppose 9*w = 1032 + o. Is w composite?
True
Let m(d) = -d**3 - 5*d**2 - 5*d + 3. Let y be m(7). Let a = 777 - y. Let k = -886 + a. Is k a prime number?
False
Let j(w) = 131594*w**2 + 4*w + 3. Let s be j(-1). Suppose 7*k = -4*k + s. Is k a composite number?
True
Let x(g) = 5*g**2 + 6*g - 6. Let s be x(1). Suppose -s*d + 959 = 4*j, d + 186 = 2*d - 5*j. Suppose 3*k + 44 - d = 0. Is k composite?
True
Suppose -102 = -3*u - 2*o, -u = u + 3*o - 63. Is 2095/4 + (-27)/u a prime number?
True
Is (-165)/(-396)*1/(-5) + (-41897454)/(-72) a composite number?
False
Let f be 6*-1*1370 + (-5)/5. Let b = -1638 - f. Is b composite?
True
Let s(p) = -9242*p + 1181. Is s(-4) a prime number?
True
Let l(m) be the second derivative of -4156*m**3/3 + 17*m**2/2 - 11*m + 1. Is l(-1) a composite number?
False
Let z(q) = -5230*q + 441. Is z(-5) prime?
True
Let w = -37 - -46. Let i be (642/w)/(1 + (-44)/36). Let b = i + 952. Is b a prime number?
True
Let m = 71933 + 146378. Is m prime?
False
Let w(x) = 4613*x + 1308. Is w(7) a prime number?
True
Let u(t) = -4*t**3 - 39*t**2 - 261*t + 17. Is u(-35) a prime number?
False
Suppose 919*f - 917*f - 4*d - 21136 = 0, 2*d + 21136 = 2*f. Suppose 